17
Suppose -161 = 5*z + 3*d, d + 130 = -4*z - d. Suppose k + 63 = 2*k. Let u = z + k. What are the prime factors of u?
29
Suppose 10*p - 5510 = -9*p. What are the prime factors of p?
2, 5, 29
Let n(m) = -m**3 + 23*m**2 + 26*m - 15. Let t be n(24). Let g be 3/2*(-168)/(-9). Let q = t - g. What are the prime factors of q?
5
Suppose -15 = -13*j + 8*j. Suppose -j*r - 85 = -5*t, -5*r + 0*r = -2*t + 148. Let n = r - -43. What are the prime factors of n?
13
List the prime factors of (21 + -22)/(3 + -2) + 2802.
2801
Let w(z) = z**3 + 27*z**2 + 92*z + 27. What are the prime factors of w(-23)?
3
Let a be ((-252)/8)/(-7)*-2. Let t = a + 9. Suppose 3*h - 66 = -t*h. What are the prime factors of h?
2, 11
Let s = -207 + 1279. List the prime factors of s.
2, 67
Let a = -31 + 188. List the prime factors of a.
157
Suppose -3*s + s = -2*w + 54, -2*w - s + 54 = 0. Suppose 4*d - 5*d + w = 0. Let c = 57 - d. What are the prime factors of c?
2, 3, 5
Suppose -160 = -4*b + 84. List the prime factors of b.
61
Let a(t) = -138*t + 1007. What are the prime factors of a(-23)?
37, 113
Let o = 417 - 269. List the prime factors of o.
2, 37
Suppose 57*a - 29*a = 31080. List the prime factors of a.
2, 3, 5, 37
Let i = 57 - 52. What are the prime factors of i/(15/2)*201?
2, 67
Let k = 652 - 391. List the prime factors of k.
3, 29
Let a(k) = 5*k - 52. Let r be a(11). Suppose -5 = 5*x, -r*z - 221 = -4*z - 3*x. What are the prime factors of z?
2, 7
Suppose -5*t = t - 6474. What are the prime factors of t?
13, 83
What are the prime factors of 5915/15 - (-10)/15?
5, 79
Let w(o) = 50 - o + o**2 + 7*o - 14*o - 15*o. List the prime factors of w(21).
2
Suppose 5*d - d - 356 = 0. List the prime factors of d.
89
What are the prime factors of (-110)/(-20)*(-5)/(5/(-82))?
11, 41
Suppose -4*q = -3*t - 29, -2*t - 6 = 3*q - 49. Suppose q*g = 7*g + 156. List the prime factors of g.
3, 13
Suppose -3*f - 6385 = d, -5*f - 178 = 4*d + 10466. What are the prime factors of (f/(-6))/(-4)*3/(-2)?
7, 19
Suppose 5*g - 10 = 0, 8 - 25 = -5*l + 4*g. Suppose -l*y + 1457 = 3*q, 3*y - 3*q - 843 = 36. List the prime factors of y.
2, 73
Let r be 2/((-4)/(1*-2)). Suppose 15*y - 110 = 235. List the prime factors of r + (y - 1)*1.
23
Let c(i) = -i**3 - 7*i**2 - 3*i - 17. Let o be c(-7). Suppose -o*d + 66 = -174. Suppose 4*p + 60 = 4*t, t + 2*p + d = 6*t. What are the prime factors of t?
2, 5
Suppose 93 = 2*x - 71. Let d = x + -55. Let q = d - 7. What are the prime factors of q?
2, 5
Suppose 0 = 24*g - 20*g - 3*q - 12540, -3*g - q = -9405. What are the prime factors of g?
3, 5, 11, 19
Let o(h) = h**3 + h**2 + 6*h + 10. Let k = -27 + 23. Let y be o(k). Let i = 121 + y. What are the prime factors of i?
59
Suppose 4905 = -5*m + 3*g + 18650, -2*g + 11018 = 4*m. List the prime factors of m.
2, 43
Suppose -4*k = -20, -7*l - 5*k + 9 = -6*l. Let t(s) = s**3 + 18*s**2 + 17*s - 5. List the prime factors of t(l).
5, 47
Let b be 136/14 + 22/77. Let o = b + 2. List the prime factors of ((-48)/36)/((-2)/o).
2
Suppose -41*u + 3523 = -28*u. What are the prime factors of u?
271
Let s(o) = 23*o**2 + 16*o - 29. What are the prime factors of s(8)?
1571
Suppose 23*t + 16 = 19*t. Let o(w) = 7*w**2 - w + 5. Let h be o(t). Suppose j + 3*a = 76, -h = -2*j - 4*a + 25. What are the prime factors of j?
67
Let p be ((-222)/(-10))/(5/25). Suppose -34 = -5*u + p. What are the prime factors of u?
29
What are the prime factors of 87/((-6)/(2 - -16)*-3)?
3, 29
Suppose 2094 = u - 2*c + c, 3*u - 6274 = 5*c. What are the prime factors of u?
2, 1049
Let n be ((-16)/(-12))/(8/6). Let g(t) = 124*t**2 + 3*t - 3. List the prime factors of g(n).
2, 31
Let q = 1 + -5. Let l be (-5)/5 - (1 - q). Let v = 21 - l. List the prime factors of v.
3
Let u be 10/(-85) + 574/(-34). Let k = u + 21. Suppose 2*j + 5*h = 55, k*j + 2*h - 213 = -63. What are the prime factors of j?
2, 5
Let q = 16 + 12. Let k = q - 11. List the prime factors of k.
17
Suppose -u = 3*o - 189, 3 = 2*u - 3*u. List the prime factors of ((-1)/2)/((-8)/o).
2
Suppose k - 7 = 3*r, -3*r - r = -2*k + 22. Let y = -10 + k. Suppose y*n - 135 = 4*n. What are the prime factors of n?
3
Let f(l) = -8*l**2 + 9*l + 13. Let h(n) = -7*n**2 + 9*n + 13. Let y(m) = -6*f(m) + 7*h(m). Let b = 166 + -158. What are the prime factors of y(b)?
3, 7
Suppose -279 = -7*a + 5104. List the prime factors of a.
769
Let s(u) = -2*u**3 + 2*u**2 + 2*u - 3. Let f be s(2). Let z(y) be the first derivative of -y**3/3 - 4*y**2 + 4*y + 10. List the prime factors of z(f).
11
What are the prime factors of 0 + 2 + (-6350)/(-5)?
2, 3, 53
Let t be -9 + ((-24)/(-4))/2 + -3. List the prime factors of ((-9)/2)/t*152.
2, 19
Let h(g) = -43*g + 19. What are the prime factors of h(-3)?
2, 37
Let r(a) = 2*a - 22. Let i be r(11). Let o(j) = i*j**2 + j + 46 + 34 - j**2. What are the prime factors of o(0)?
2, 5
Suppose 2*l + 14 = -4*k, -2*l - 2*l - 22 = 5*k. Let v = -36 + 25. Let h = k - v. What are the prime factors of h?
3
Let g = -8 - -13. Suppose 3*n = -w - 0 - 56, g*w = 3*n + 80. Let o = 44 + n. List the prime factors of o.
2, 3
Suppose -94*a + 93*a = -205. List the prime factors of a.
5, 41
Suppose 0 = -h - 2 + 4. Suppose -4*z + 238 = -3*z - 5*l, -h*z + 424 = 3*l. Suppose -r + z = 5*g + 30, -150 = -4*g - r. List the prime factors of g.
2, 19
What are the prime factors of 30/70 + 1719/7?
2, 3, 41
Let c(d) = 2*d - 5. Let j = 14 - 9. Let s be c(j). Suppose -o = -s*o + 100. List the prime factors of o.
5
Let m(p) = p - 21. Let x be m(11). Let f(b) = b**2 + 9*b - 8. Let h be f(x). Suppose 0 = 2*w + h*i - 4, 6*w - 3*w - i - 14 = 0. List the prime factors of w.
2
Let h(u) = 19*u**2 - 7 + u**3 - 2*u + u - 8*u**2. What are the prime factors of h(-10)?
103
Suppose 11*j = -11268 + 1995. List the prime factors of 2/(-16) + j/(-24).
5, 7
Suppose -5*q + 302 + 253 = 0. Suppose 3*w - q = 3*l, w = 5*l + 2 + 31. What are the prime factors of w?
2, 19
Suppose 10 - 1 = 3*y. Suppose y*k - 8 = 16. Suppose -24 - k = -s. What are the prime factors of s?
2
Let y = -141 - -278. What are the prime factors of y*((-2)/(-10) - 20/(-25))?
137
Let f be ((-84)/(-105))/((-2)/(-10)). Suppose -464 = -2*a - 4*o, 4*a + f*o - 236 = 3*a. List the prime factors of a.
2, 3, 19
List the prime factors of (3 - 2)/(7*(-5)/(-20615)).
19, 31
List the prime factors of (-489195)/(-165) - (-4)/22.
5, 593
Suppose -11 = -4*w + 1. Suppose -2*q + 2*j = -w*j - 236, 0 = -2*q - 3*j + 220. List the prime factors of q.
113
Let r(c) = c**2 - 4*c + 507. What are the prime factors of r(0)?
3, 13
Suppose -5*z - 12 = -8*z. Suppose 0 = -z*b + a + 672, -5*b + 829 = -0*a - 4*a. What are the prime factors of b?
13
Suppose -5*n + 4*a + 12 = -3*n, 0 = 5*n + 2*a - 42. Let c(o) = -6*o + 0*o + 158 + o**2 - 151. List the prime factors of c(n).
23
Let z(p) = 11*p + 4. Let l be z(-2). Let k = -14 - l. Let t(j) = 8*j - 7. List the prime factors of t(k).
5
Let b(s) = -57*s - 24. Let v be b(-10). Suppose 3*w + v = 8*w - 3*g, -4*g = -3*w + 321. What are the prime factors of w?
3, 37
Let g = -8 + 12. Let x(t) = -t**2 + 4*t + 3. Let r be x(g). Let o(s) = 3*s + 3. What are the prime factors of o(r)?
2, 3
Let b(k) = -k**3 + 6*k**2 + 2*k + 4. Let o be b(5). Suppose 5*p - 144 = -o. What are the prime factors of p?
3, 7
Let x(q) = 7*q**2 - 10*q + 76. List the prime factors of x(8).
2, 3, 37
Suppose 4*x + 6*x - 30 = 0. Suppose -4*c = -x*c. Suppose 5*r - 3*r + 5*f - 33 = 0, c = 3*f + 9. List the prime factors of r.
2, 3
Suppose 0 = 4*v - 882 + 186. Suppose h + 2*c = -v - 200, -3*h = -c + 1157. What are the prime factors of h/(-10) + 2/(-5)?
2, 19
Let r be 20/(-3) - 11/33. Let m be (6/4)/(r/(-98)). Suppose 0 = 3*c - 4*b - m - 5, -15 = -2*c + 5*b. List the prime factors of c.
2, 5
Let t(l) = l + 11. Let u be t(-8). Suppose 0 = -b + 5*n + 65 + 2, 75 = b + u*n. What are the prime factors of b?
2, 3
Suppose -8*j + 42815 = 10175. What are the prime factors of j?
2, 3, 5, 17
Let i = 79 + -155. Let g = 116 + i. List the prime factors of g.
2, 5
Let d(o) = -17*o + 6 - 12*o + 31*o. Let a be d(-7). What are the prime factors of 12 + a - (-88)/2?
2, 3
Let i be (-2 - 16/(-4)) + 3. Suppose -62 = -3*p + 4*z, i*z + 5 - 50 = -5*p. List the prime factors of p.
2, 7
Let y(j) = 2*j**3 + 3*j**2 - 9*j + 29. What are the prime factors of y(4)?
13
Suppos